 -3*p. Suppose 6*j - 2005 = -p. Suppose -o - j = -7*o. What is the tens digit of o?
3
Let v be 2*(3 + 0 + -4). Let a be (9 - 9)*v/(-6). Suppose 5*z + o - 158 = a, -4*z = -2*z - o - 66. What is the tens digit of z?
3
Let n(q) be the third derivative of -q**6/120 - 4*q**5/15 - 17*q**4/24 - 2*q**3/3 - 2*q**2. Let d be n(-15). Suppose 5*u - 4 = d. What is the units digit of u?
6
Suppose -3*b = 1 - 22. Let l be 1*39 - (b + -10). Suppose n - l = -2. What is the units digit of n?
0
Suppose -4*c + h = -21741, 3*h = 6*c + 8*h - 32605. What is the thousands digit of c?
5
Let o be -2 + (3 - 0/(-3)). Let f be (-5 + 5)/(0 + o). Suppose 0*z - 4*z + 48 = f. What is the units digit of z?
2
Let z(u) = u**3 + 7*u**2 + 7*u + 6. Let a be z(-6). Suppose x - 982 = 4*g, -4*g + 5*x - 258 - 716 = a. What is the units digit of 2/(-3) + g/(-18)?
3
Let m = 36 + -33. What is the tens digit of (m + -4)/(-1) - -101?
0
What is the units digit of 60/140 + 5566/14?
8
Suppose -5*c + 513 = 2*x - 27, 3*c - 324 = x. Suppose 18 - c = -3*d. What is the tens digit of d?
3
Suppose 0*x - 4928 = -7*x. Suppose x = -3*l + 7*l - 4*k, -2*l + k + 349 = 0. What is the hundreds digit of l?
1
Suppose -2*k + 3*k = -2*c + 4, 8 = -2*c. Suppose k*g - 782 = 1462. What is the hundreds digit of g?
1
What is the units digit of 2/(-3) - ((-3306)/18 - -8)?
5
Let d = 38 + 617. Suppose 94 = a - 5*t, -4*t + 199 = -4*a + d. What is the hundreds digit of a?
1
Suppose 62 + 123 = -5*l. Let t = 44 + l. What is the units digit of t?
7
Let g = 843 + 1393. What is the tens digit of g?
3
Let t be 0*-4*(-2)/8. Let v = 4 + t. Let w = v + 3. What is the units digit of w?
7
Let h = -541 + 1164. What is the hundreds digit of h?
6
Let h = 19 - 18. What is the units digit of (0 + h)/((-12)/(-168))?
4
Suppose 0 = v - 2*n - 263, 0 = 3*v - 0*n - 5*n - 786. What is the units digit of v?
7
Suppose 0*v = 5*v - 80. Suppose -24 = -4*b - v. What is the units digit of b?
2
Suppose 5 = 9*u - 4*u. What is the tens digit of 19 + -17 - (u - 142)?
4
Suppose -24*d - 4128 = -32*d. Suppose 0 = 14*x - 1248 - d. What is the units digit of x?
6
Suppose 4*l - 180 = 10*l. What is the tens digit of ((-9)/3)/(-1) - l?
3
Suppose d = -21*d + 1980. What is the tens digit of d?
9
Suppose 2*m + 8084 = 4*j, 3*j - 6*j = 5*m - 6063. What is the units digit of j?
1
What is the tens digit of 81/(-15*6/(-240))?
1
Let x(b) = -8*b**2 - 5 + 7*b**2 + 4 - 7 + 10*b. Let g be x(9). Let h(j) = 27*j**2 + j - 1. What is the tens digit of h(g)?
2
Let b = 45 - 430. Let r(z) = z**3 - 11*z**2 + 11*z - 16. Let a be r(10). What is the units digit of b/(-15) + a/9?
5
Let b(u) = -7*u + 37. Let a be b(5). Suppose -a*t + 266 + 1046 = 4*y, 3*t + 321 = y. What is the units digit of y?
7
Suppose 0 = 28*o - 10857 + 2569. What is the hundreds digit of o?
2
What is the hundreds digit of (-36)/24 - (-645)/2?
3
Let d(f) = 6*f**2 - 31*f + 2. What is the hundreds digit of d(13)?
6
Suppose 14544 = 10249*i - 10245*i. What is the units digit of i?
6
Let c(z) = z**2 - z + 22. Let f be c(13). Let l = f - 104. What is the tens digit of l?
7
Suppose 27 = 7*l - 8. Suppose -225 = -3*o - 0*o + 3*d, -o + l*d = -79. What is the units digit of o?
4
Let u = -86 - -89. Suppose -u*j + 5*h = 6*h - 505, -5*h - 855 = -5*j. What is the hundreds digit of j?
1
Let k(j) = -15*j - 3 + 28*j + 3*j - 32. What is the hundreds digit of k(9)?
1
Suppose -4*v + 8 = -0. Suppose -131 = -v*j + 7. What is the tens digit of j?
6
Let n(g) = 307*g**2 + 31*g - 134. What is the tens digit of n(4)?
0
What is the tens digit of ((-212)/12)/((-2)/18)?
5
Let s = -16 + 19. Suppose -u + 5 + 7 = -5*c, 3*u + 3*c = 0. Suppose 28 + 2 = g + u*k, 32 = g + s*k. What is the tens digit of g?
2
Let g(o) = 90*o + 605. What is the tens digit of g(20)?
0
Let b = 1737 - -1182. What is the hundreds digit of b?
9
Suppose -2*k - 2*p - p = -18, p = -5*k + 45. Let c be 3 - k/3*-57. Suppose -4*m + m = -c. What is the tens digit of m?
5
Let i(y) = y**3 - 4*y**2 + y + 2. Let m(w) = -w**3 - 18*w**2 + w + 21. Let h be m(-18). Suppose -h + 7 = r. What is the units digit of i(r)?
6
Let m = -292 + 1271. What is the tens digit of m?
7
Let n = -12 + 16. Suppose 3*m - 909 = -n*f, -f - f + 3*m + 441 = 0. What is the units digit of f?
5
Let f(n) = -2*n**2 - 2*n - 5. Let a = -3 - -10. Let k be f(a). Let w = -78 - k. What is the units digit of w?
9
Let c(i) = -4*i + 2*i + 4*i - 8 + 2*i + i**2. Let g be c(-6). Suppose 5*k = d + 2*d + 80, g*k - 42 = -2*d. What is the tens digit of k?
1
Let t = 633 + 31. Suppose -8*i = -t - 360. What is the hundreds digit of i?
1
Let b = -31 + 30. Let i be 3 - -127*(b + 2). Suppose i = 2*c - 2*x, 62 = -2*c - 2*x + 172. What is the units digit of c?
0
Let m be 3 - (4/(4/3) - 2). Suppose 3*u - 237 = m*j, j + 316 = 4*u - j. What is the units digit of u?
9
Let l(u) = -u**3 - 6*u**2 + 6*u - 9. Let g be l(-7). Let o be (g/(-3))/((-2)/138). What is the units digit of 0 + (0 - -1) - o?
7
Let t(s) = s**2 + s. Let d be t(2). Suppose -d*i = -8*i + 148. What is the units digit of i?
4
Let z = -20 + 25. Suppose -z = 4*h - 21. Suppose -2*i - 5*f + 13 + 4 = 0, h = -i - 5*f. What is the tens digit of i?
2
Suppose q = -2*k + 7*k - 1826, k - 361 = -4*q. What is the tens digit of k?
6
Let a(w) = -31*w + 142. What is the tens digit of a(0)?
4
Suppose -3*v - 5*f = -360, -2*f + 3*f = 2*v - 240. Let x = -4 + 7. Suppose 0 = 6*z - x*z - v. What is the tens digit of z?
4
What is the hundreds digit of 3 + (-56)/42*699/(-4)?
2
Suppose 7*j - 22*j = -135. What is the units digit of j?
9
Let m(r) = r**3 + 19*r**2 + 21*r + 49. What is the units digit of m(-15)?
4
Suppose 2*q - d - 4 - 2 = 0, q + 8 = -5*d. Suppose -14 = -3*u + 25. Let x = u - q. What is the tens digit of x?
1
Let x(r) = -r**3 - 7*r**2 - 5*r + 4. Let c be x(-6). Let i = c - -7. Suppose i*a + o = 72 + 53, 15 = 3*o. What is the tens digit of a?
2
Let q = -6 + 10. Suppose -q*u = -f - 8 - 10, -5*u = 2*f - 29. Suppose 0*a = -3*a - 4*t + 105, u*t = 4*a - 140. What is the units digit of a?
5
Let x(p) = -p**3 - 5*p**2 - 4*p - 1. Let w be x(-5). Let v(j) = -j**2 + 21*j - 29. What is the units digit of v(w)?
9
Let a = -613 + 993. Suppose 2*t + a = 5*z + 31, 2*z = -t + 136. What is the tens digit of z?
6
Let k(s) = s**3 + 18*s**2 - 39*s + 87. What is the tens digit of k(-18)?
8
Let j = 651 - 376. What is the hundreds digit of j?
2
Let w = 729 + 1695. What is the tens digit of w?
2
Suppose -806 = -36*c + 34*c. What is the tens digit of c?
0
Suppose -3*a + 5*n = -2096, 0 = -3*a + 4*a + 4*n - 727. Suppose -5*l = 177 - a. Let j = l + -65. What is the units digit of j?
1
Suppose 0 = 5*s + 3*t, 2*s + 3*s = -5*t. Suppose -2*p = -3*p + 6. Suppose w + y = p, -y + s = -4*w + 9. What is the units digit of w?
3
Let l(i) = 4*i - 2. Suppose -17 + 8 = -3*p. Let z be l(p). Suppose 11*b - 29 = z*b. What is the units digit of b?
9
Let y(z) = z**2 + 5*z + 5. Let a be 1/((4/(-16))/(-1)). Suppose -17 = u + 4*j, -a*u + 2*j = -0*u + 14. What is the units digit of y(u)?
5
Let a = 1667 + -847. What is the tens digit of a?
2
Suppose -i = 61*i - 38750. What is the units digit of i?
5
Let m(p) = p**3 - 5*p**2 + 9. Let v be 3/(-5) + (-94)/10. Let t = v - -16. What is the tens digit of m(t)?
4
Let g(q) = -q**2 - 4*q + 5*q + 5 - 10*q + 3*q**2. Let b be g(7). What is the units digit of (130/b)/(2/8)?
3
Let q be 9/6 + 25/10. Suppose 3*n - 1903 = 5*l, -q*n + 1479 = -2*l - 1063. What is the units digit of n/16 + (-1)/(-4)?
0
What is the units digit of (-29 + 25)*(-110)/8?
5
Let u(b) = -124*b + 1 + 107*b - 3*b**3 + 2*b**3 - 16*b**2. What is the units digit of u(-15)?
1
Let b = -110 + 112. Let h(j) = -j + 2*j**2 + 2*j**2 + 3*j. What is the tens digit of h(b)?
2
Let q(h) = -190*h + 410. What is the tens digit of q(-11)?
0
Let n be (-7)/((-35)/2) + 65/25. Let b = 13 - 8. Suppose b*k - 50 = n*k. What is the tens digit of k?
2
Let v(c) = 22*c + 145. What is the hundreds digit of v(5)?
2
Suppose 3*n = -5*c + 22, -3*n + 16 = 4. Suppose -3*i = c*i + 105. What is the units digit of 54/1 - (-84)/i?
0
Let c(w) = -w**2 + 7*w. Let i be c(7). Suppose -2*n + 11 + 13 = i. What is the units digit of n + 3 + 2 + -1?
6
Let b be (161/(-35))/((-2)/10). Let t = b + -21. Suppose -2*r = t*l - 96, -38 = -2*l - 3*r + 63. What is the units digit of l?
3
Let d = -472 - -89